5?
False
Is 174575 a multiple of 25?
True
Does 20 divide 4447979?
False
Does 130 divide 7572657?
False
Is 120201 a multiple of 14?
False
Does 148 divide 107152?
True
Does 261 divide 159993?
True
Is 45000 a multiple of 24?
True
Is 50601 a multiple of 5?
False
Is 3127365 a multiple of 38?
False
Is 7 a factor of 146468?
True
Does 8 divide 970232?
True
Is 10827092 a multiple of 58?
True
Is 34938 a multiple of 18?
True
Does 2 divide 13268?
True
Is 260318 a multiple of 25?
False
Does 41 divide 138410?
False
Is 238 a factor of 33796?
True
Does 420 divide 4173120?
True
Is 216104 a multiple of 107?
False
Is 45 a factor of 276890?
False
Is 216033 a multiple of 56?
False
Does 8 divide 4992176?
True
Is 23 a factor of 55200?
True
Is 7 a factor of 195506?
False
Does 53 divide 422569?
True
Is 4653902 a multiple of 67?
False
Is 31 a factor of 7982510?
False
Is 77854 a multiple of 66?
False
Is 456918 a multiple of 33?
True
Is 38280 a multiple of 110?
True
Does 79 divide 4582?
True
Is 208 a factor of 69680?
True
Is 134 a factor of 4263478?
True
Is 5183521 a multiple of 7?
True
Is 8 a factor of 183728?
True
Is 135 a factor of 287955?
True
Does 3 divide 61348?
False
Is 89 a factor of 21983?
True
Does 144 divide 157536?
True
Is 326 a factor of 2822826?
False
Does 99 divide 217503?
True
Does 426 divide 110216?
False
Is 33 a factor of 983994?
True
Is 93 a factor of 1150290?
False
Does 337 divide 1429843?
False
Is 907366 a multiple of 479?
False
Is 15 a factor of 11455215?
True
Does 1121 divide 8360455?
False
Is 352 a factor of 476878?
False
Is 2927664 a multiple of 24?
True
Does 356 divide 520828?
True
Does 6 divide 464068?
False
Does 17 divide 1256910?
False
Is 143 a factor of 43802?
False
Does 32 divide 1577344?
True
Does 181 divide 2188290?
True
Does 1107 divide 3022110?
True
Does 273 divide 111384?
True
Does 28 divide 409304?
True
Is 69 a factor of 346242?
True
Is 31 a factor of 208227?
True
Does 763 divide 20260702?
True
Is 45 a factor of 206063?
False
Does 11 divide 13486926?
False
Is 32 a factor of 3580288?
True
Is 1537451 a multiple of 35?
False
Does 149 divide 8046?
True
Is 814 a multiple of 74?
True
Does 562 divide 4238831?
False
Is 671 a factor of 3653793?
False
Is 3959 a multiple of 2?
False
Is 1939210 a multiple of 58?
False
Does 740 divide 679739?
False
Is 93832 a multiple of 12?
False
Is 298732 a multiple of 101?
False
Does 141 divide 15359?
False
Is 7 a factor of 197801?
False
Is 13393382 a multiple of 18?
False
Is 250499 a multiple of 17?
False
Does 54 divide 668520?
True
Is 95385 a multiple of 134?
False
Does 57 divide 3904101?
True
Is 458448 a multiple of 87?
False
Is 116372 a multiple of 35?
False
Does 50 divide 91417?
False
Is 374 a factor of 327771?
False
Is 8 a factor of 64296?
True
Is 49536 a multiple of 24?
True
Does 12 divide 376464?
True
Is 39 a factor of 324909?
True
Does 458 divide 55856?
False
Is 30 a factor of 188550?
True
Does 2 divide 31313?
False
Is 3238593 a multiple of 44?
False
Is 5799327 a multiple of 263?
False
Is 6 a factor of 1302342?
True
Is 26712618 a multiple of 214?
False
Is 433751 a multiple of 37?
True
Is 74 a factor of 86506?
True
Does 366 divide 1317600?
True
Is 1413820 a multiple of 4?
True
Is 127 a factor of 145082?
False
Is 4134504 a multiple of 6?
True
Does 123 divide 255471?
True
Does 1183 divide 6772675?
True
Is 31686 a multiple of 203?
False
Does 34 divide 3379486?
False
Does 46 divide 420946?
True
Does 1281 divide 10590027?
True
Does 13 divide 437888?
False
Is 181453 a multiple of 113?
False
Is 4446268 a multiple of 4?
True
Does 328 divide 217014?
False
Does 18 divide 19062?
True
Is 182 a factor of 1041940?
False
Is 2 a factor of 52687?
False
Does 243 divide 281394?
True
Is 6625 a multiple of 4?
False
Is 446454 even?
True
Is 55 a factor of 95552?
False
Is 21 a factor of 964950?
True
Is 2098759 a multiple of 29?
True
Does 156 divide 334932?
True
Is 30 a factor of 88020?
True
Does 227 divide 1931770?
True
Does 164 divide 35096?
True
Is 3518513 a multiple of 704?
False
Is 116361 a multiple of 56?
False
Is 58 a factor of 85260?
True
Does 347 divide 13952870?
True
Does 117 divide 213291?
True
Does 24 divide 255504?
True
Is 23 a factor of 63733?
True
Is 14 a factor of 45199?
False
Is 532404 a multiple of 643?
True
Does 112 divide 9238992?
True
Is 3865 even?
False
Does 366 divide 46938?
False
Is 2 a factor of 96026?
True
Is 11 a factor of 828234?
True
Is 26 a factor of 988998?
False
Is 244 a factor of 237288?
False
Is 292 a factor of 976448?
True
Is 110676 a multiple of 276?
True
Does 8 divide 32632?
True
Is 2 a factor of 32095?
False
Is 637629 a multiple of 6?
False
Does 81 divide 40857?
False
Is 570560 a multiple of 64?
True
Is 8 a factor of 974608?
True
Is 267 a factor of 182094?
True
Is 173191 a multiple of 19?
False
Does 1071 divide 17295579?
True
Does 4 divide 20844?
True
Is 78754 a multiple of 26?
True
Is 127170 a multiple of 471?
True
Does 19 divide 168739?
True
Is 8 a factor of 10011664?
True
Does 8 divide 24248?
True
Does 4 divide 184907?
False
Does 222 divide 666?
True
Does 6 divide 3876355?
False
Is 13 a factor of 3328260?
True
Is 3421624 a multiple of 35?
False
Is 126 a factor of 643734?
True
Does 25 divide 1255491?
False
Is 103 a factor of 5309032?
True
Does 1595 divide 2080437?
False
Is 272306 a multiple of 16?
False
Is 556025 a multiple of 24?
False
Is 625646 a multiple of 67?
True
Is 15 a factor of 10544175?
True
Is 25 a factor of 4483475?
True
Is 74 a factor of 170126?
True
Is 684115 a multiple of 51?
False
Is 354595 a multiple of 288?
False
Is 190 a factor of 616878?
False
Is 1237 a factor of 18822192?
True
Is 19 a factor of 444782?
False
Does 129 divide 59129?
False
Is 444220 a multiple of 292?
False
Does 44 divide 3638110?
False
Is 2027252 a multiple of 914?
True
Does 837 divide 2006289?
True
Is 267345 a multiple of 65?
True
Does 16 divide 221249?
False
Is 44 a factor of 102775?
False
Does 27 divide 2101005?
True
Is 16 a factor of 5957746?
False
Is 86110 a multiple of 218?
True
Does 27 divide 2531271?
False
Is 565246 a multiple of 21?
False
Is 7988940 a multiple of 3?
True
Is 4 a factor of 130523?
False
Is 359 a factor of 851907?
True
Is 82431 a multiple of 266?
False
Is 26936 a multiple of 364?
True
Is 6 a factor of 8384964?
True
Does 19 divide 267748?
True
Is 2135705 a multiple of 29?
True
Does 12 divide 279879?
False
Does 98 divide 2359742?
True
Is 283 a factor of 13370391?
False
Does 11 divide 707151?
False
Is 1518153 a multiple of 13?
True
Is 353 a factor of 6388241?
True
Does 548 divide 14746132?
True
Is 201678 a multiple of 233?
False
Is 40 a factor of 69213?
False
Is 28 a factor of 45496?
False
Is 13092132 a multiple of 834?
True
Is 615 a factor of 2930475?
True
Does 125 divide 912376?
False
Does 9 divide 89304?
False
Does 183 divide 2565013?
False
Is 400201 a multiple of 43?
True
Is 9120 a multiple of 6?
True
Is 61872 a multiple of 48?
True
Is 1607915 a multiple of 70?
False
Is 8 a factor of 2331?
False
Does 113 divide 58195?
True
Is 86 a factor of 175560?
False
Is 166460 a multiple of 97?
False
Is 337469 a multiple of 325?
False
Is 3708331 a multiple of 48?
False
Is 1410849 a multiple of 11?
True
Is 100 a factor of 1070587?
False
Is 1654296 a multiple of 56?
True
Is 89 a factor of 5761?
False
Is 53142 a multiple of 34?
True
Is 287136 a multiple of 171?
False
Does 32 divide 253021?
False
Is 49495 a multiple of 19?
True
Is 89 a factor of 964404?
True
Is 3720203 a multiple of 518?
False
Is 12 a factor of 449367?
False
Is 36 a factor of 2727791?
False
Is 7269381 a multiple of 1110?
False
Is 454208 a multiple of 16?
True
Is 1167789 a multiple of 17?
False
Is 25172 a multiple of 138?
False
Is 316 a factor of 3836872?
True
Is 99092 a multiple of 77?
False
Does 105 divide 299269?
False
Is 7496984 a multiple of 954?
False
Is 944352 a multiple of 288?
True
Is 4 a factor of 50356?
True
Is 617 a factor of 233085?
False
Is 2075634 a multiple of 24?
False
Is 42 a factor of 252252?
True
Is 176 a factor of 425346?
False
Is 746441 a multiple of 25?
False
Is 133 a factor of 3548154?
False
Is 42 a factor of 115164?
True
Does 97 divide 1620342?
False
Is 828304 a multiple of 98?
False
Does 12 divide 333108?
True
Is 4 a factor of 446656?
True
Is 179 a factor of 185802?
True
Is 4494175 a multiple of 427?